, 167
List the prime factors of 7034217.
3, 683, 3433
What are the prime factors of 2072394?
2, 3, 115133
What are the prime factors of 7948925?
5, 317957
List the prime factors of 18195.
3, 5, 1213
What are the prime factors of 404568?
2, 3, 1873
List the prime factors of 5191441.
5191441
What are the prime factors of 4926903?
3, 71, 23131
List the prime factors of 784843.
157, 4999
List the prime factors of 597033.
3, 66337
What are the prime factors of 314365?
5, 62873
What are the prime factors of 1540778?
2, 17, 45317
List the prime factors of 12886830.
2, 3, 5, 11, 4339
List the prime factors of 1152890.
2, 5, 31, 3719
What are the prime factors of 2565504?
2, 3, 17, 131
What are the prime factors of 6442584?
2, 3, 331, 811
List the prime factors of 53172.
2, 3, 7, 211
What are the prime factors of 10465183?
17, 615599
What are the prime factors of 1114241?
1114241
List the prime factors of 476319.
3, 179, 887
What are the prime factors of 26578037?
26578037
List the prime factors of 8799875.
5, 7, 89, 113
What are the prime factors of 576294?
2, 3, 139, 691
List the prime factors of 587279.
7, 11, 29, 263
What are the prime factors of 2772025?
5, 110881
What are the prime factors of 1289741?
167, 7723
What are the prime factors of 4396654?
2, 2198327
What are the prime factors of 1252647?
3, 11, 12653
List the prime factors of 1724725.
5, 19, 3631
List the prime factors of 5480511.
3, 17, 41, 2621
List the prime factors of 10275839.
7, 43, 4877
List the prime factors of 3213541.
61, 139, 379
What are the prime factors of 8144246?
2, 11, 370193
List the prime factors of 8472553.
29, 292157
List the prime factors of 166511.
269, 619
What are the prime factors of 288849?
3, 11, 8753
List the prime factors of 16927549.
661, 25609
List the prime factors of 860312.
2, 31, 3469
List the prime factors of 5578834.
2, 23, 5273
List the prime factors of 6317499.
3, 2105833
What are the prime factors of 2173487?
2173487
What are the prime factors of 13560750?
2, 3, 5, 7, 41
What are the prime factors of 248149?
11, 17, 1327
What are the prime factors of 857689?
7, 122527
List the prime factors of 21538696.
2, 2692337
What are the prime factors of 1804659?
3, 47, 12799
What are the prime factors of 12262302?
2, 3, 13, 29, 139
What are the prime factors of 1942354?
2, 971177
What are the prime factors of 952253?
952253
What are the prime factors of 27791653?
857, 32429
What are the prime factors of 206031?
3, 7, 9811
What are the prime factors of 677744?
2, 42359
What are the prime factors of 5774410?
2, 5, 97, 5953
What are the prime factors of 31771?
31771
What are the prime factors of 2564?
2, 641
List the prime factors of 69666.
2, 3, 17, 683
What are the prime factors of 8579343?
3, 31, 92251
What are the prime factors of 215375?
5, 1723
What are the prime factors of 765038?
2, 382519
List the prime factors of 2028487.
2028487
List the prime factors of 713445.
3, 5, 47563
What are the prime factors of 440147?
17, 1523
What are the prime factors of 196100?
2, 5, 37, 53
List the prime factors of 2250004.
2, 562501
List the prime factors of 4945487.
17, 421, 691
What are the prime factors of 1128249?
3, 4643
What are the prime factors of 3764618?
2, 11, 13, 13163
List the prime factors of 91999.
197, 467
What are the prime factors of 4437950?
2, 5, 11, 8069
What are the prime factors of 628226?
2, 314113
List the prime factors of 92137.
199, 463
What are the prime factors of 28376307?
3, 709, 4447
What are the prime factors of 4432312?
2, 113, 4903
What are the prime factors of 993665?
5, 198733
List the prime factors of 12716166.
2, 3, 857, 2473
List the prime factors of 4236066.
2, 3, 235337
What are the prime factors of 13728754?
2, 13, 19, 27791
What are the prime factors of 1135035?
3, 5, 11, 2293
What are the prime factors of 4667221?
13, 359017
What are the prime factors of 4674562?
2, 263, 8887
What are the prime factors of 311937?
3, 103979
List the prime factors of 3243620.
2, 5, 157, 1033
List the prime factors of 70768.
2, 4423
What are the prime factors of 7430513?
17, 337, 1297
What are the prime factors of 3847542?
2, 3, 17, 67, 563
List the prime factors of 5191825.
5, 207673
List the prime factors of 942882.
2, 3, 167, 941
What are the prime factors of 46794?
2, 3, 11, 709
List the prime factors of 144918.
2, 3, 83, 97
What are the prime factors of 9481620?
2, 3, 5, 37, 4271
List the prime factors of 121493.
121493
What are the prime factors of 212015?
5, 42403
List the prime factors of 13233.
3, 11, 401
What are the prime factors of 797384?
2, 7, 29, 491
What are the prime factors of 23571849?
3, 7, 23, 37, 1319
List the prime factors of 251574.
2, 3, 23, 1823
What are the prime factors of 34694777?
13, 2668829
What are the prime factors of 6687683?
1669, 4007
What are the prime factors of 5760918?
2, 3, 271, 1181
What are the prime factors of 280097?
280097
List the prime factors of 126919.
13, 751
What are the prime factors of 1382503?
1382503
List the prime factors of 317598.
2, 3, 43, 1231
List the prime factors of 4819741.
43, 112087
What are the prime factors of 1266547?
37, 34231
What are the prime factors of 14222951?
2213, 6427
List the prime factors of 180066.
2, 3, 30011
List the prime factors of 13057239.
3, 13, 53, 6317
What are the prime factors of 167128?
2, 13, 1607
List the prime factors of 626289.
3, 191, 1093
What are the prime factors of 35544469?
929, 38261
What are the prime factors of 15114518?
2, 131, 57689
What are the prime factors of 77573?
77573
What are the prime factors of 2147630?
2, 5, 214763
What are the prime factors of 1781769?
3, 11, 53993
What are the prime factors of 1946118?
2, 3, 31, 10463
List the prime factors of 78681.
3, 26227
List the prime factors of 56108.
2, 13, 83
What are the prime factors of 1859594?
2, 11, 181, 467
List the prime factors of 19418835.
3, 5, 29, 44641
What are the prime factors of 14280907?
23, 620909
What are the prime factors of 20763?
3, 769
What are the prime factors of 2691023?
23, 5087
List the prime factors of 5932546.
2, 821, 3613
What are the prime factors of 1082833?
47, 23039
List the prime factors of 281426.
2, 223, 631
List the prime factors of 321685.
5, 7, 13, 101
List the prime factors of 8179963.
11, 67, 1009
What are the prime factors of 4436090?
2, 5, 443609
List the prime factors of 380450.
2, 5, 7, 1087
List the prime factors of 2215936.
2, 541
What are the prime factors of 5411860?
2, 5, 270593
What are the prime factors of 727427?
727427
What are the prime factors of 23346864?
2, 3, 197, 823
What are the prime factors of 13344935?
5, 19, 140473
What are the prime factors of 404716?
2, 13, 43, 181
What are the prime factors of 806880?
2, 3, 5, 41
List the prime factors of 14293615.
5, 7, 408389
What are the prime factors of 14109450?
2, 3, 5, 94063
What are the prime factors of 1297413?
3, 13, 853
What are the prime factors of 3492401?
11, 317491
What are the prime factors of 11014540?
2, 5, 691, 797
List the prime factors of 2896656.
2, 3, 7, 37, 233
What are the prime factors of 610431?
3, 283, 719
List the prime factors of 292538.
2, 107, 1367
What are the prime factors of 6137235?
3, 5, 13, 269
What are the prime factors of 6281121?
3, 7, 11, 27191
What are the prime factors of 5379783?
3, 89, 20149
List the prime factors of 160427.
137, 1171
What are the prime factors of 228932?
2, 11, 43
List the prime factors of 246810.
2, 3, 5, 19, 433
List the prime factors of 4015068.
2, 3, 53, 59, 107
What are the prime factors of 600470?
2, 5, 13, 31, 149
What are the prime factors of 1067626?
2, 7, 76259
What are the prime factors of 11464789?
7, 41, 43, 929
What are the prime factors of 217835?
5, 19, 2293
What are the prime factors of 20373183?
3, 2263687
What are the prime factors of 96307?
193, 499
List the prime factors of 34072352.
2, 17, 62633
List the prime factors of 341383.
7, 6967
List the prime factors of 1904409.
3, 13, 41, 397
What are the prime factors of 182331?
3, 2251
List the prime factors of 8077691.
8077691
List the prime factors of 6502262.
2, 13, 17, 47, 313
List the prime factors of 521636.
2, 130409
What are the prime factors of 26810440?
2, 5, 670261
What are the prime factors of 922858?
2, 67, 71, 97
What are the pr